be the third derivative of j(k). Determine c(b).
1
Let d(t) = t**3 + 4*t**2 - t - 4. Let m be d(-3). Let g = 115 + -110. Suppose -r - m = 3*o, o = -r + g - 13. Let x(w) = w**2 + 8*w + 3. Determine x(r).
3
Suppose -12*f + 15*f - 9 = 0. Let z(p) = -7 + 2*p**2 - 21*p**2 + p + 3 + f. Determine z(1).
-19
Let r(j) = 2*j. Let t(s) = -s. Let x be t(-2). Suppose 10 = -4*w + x. Give r(w).
-4
Let w(x) = 8*x**3 - 2*x - 1. Let h be 1*(3 - 2) + 2. Suppose i + 15 = h*i - 5*z, 0 = 3*z + 3. Suppose 0 = 5*v + 10 - i. Determine w(v).
-7
Let m(r) be the first derivative of -r**4/4 + 4*r**3/3 + 4*r**2 - 11*r + 34. Give m(5).
4
Let l(k) = -k**3 + 4*k**2 + 5*k - 3. Let x = -11 - -13. Suppose 2*p + 5*i - 3 = 26, -4*i + 16 = -x*p. Suppose p*z + 15 = 5*z. Give l(z).
-3
Let n(v) be the second derivative of v**3/3 - 7*v**2 + 6*v - 8. What is n(9)?
4
Let i(y) = y**3 + 11*y**2 + 10*y + 6. Let o(t) = 27*t - 523. Let u be o(19). Give i(u).
6
Let q(j) be the third derivative of -j**7/2520 - 7*j**6/720 - 7*j**5/120 - j**4/8 + 4*j**2. Let h(f) be the second derivative of q(f). Calculate h(-5).
3
Let x be -3*12*(-6)/(-12). Let c(w) = w**2 + 19*w - 6. Give c(x).
-24
Let a = -44 - -52. Let m(p) = -p + 6*p**3 - 5*p**3 + 4*p**2 + a*p + 7 + 3*p**2. Suppose 3*r = -7 - 11. Calculate m(r).
1
Suppose -69 = 6*a - 29*a. Let d(f) = f + 3*f - 5*f - 1. Calculate d(a).
-4
Let z(b) be the second derivative of b**4/12 + 17*b**3/6 - 4*b**2 - 3*b. Let w be z(-17). Let i(l) = -l**2 - 6*l + 11. Determine i(w).
-5
Let c(f) = 3*f + 7. Let z(m) = -2*m - 4. Let r(b) = 3*c(b) + 5*z(b). Let h = -46 - -22. Let d = h + 22. Determine r(d).
3
Let a(u) be the second derivative of u**5/5 - u**2/2 + 414*u. Calculate a(1).
3
Let q(u) be the first derivative of -u**2 + 19*u + 75. What is q(9)?
1
Let y(b) be the third derivative of 1/120*b**6 + 20*b**2 + 0 + 5/6*b**3 + 0*b**4 + 0*b - 1/15*b**5. Determine y(4).
5
Suppose 6 = a - 8. Let g be 1 - (a/(-4) + 3)*-2. Let l(v) = -v + 9. Determine l(g).
9
Suppose 3 = 4*m - 0*n - 3*n, -3 = 4*m + 3*n. Suppose m = -2*b + 3*x - 3, 2*x + 27 = -5*b + 3*x. Let k(d) = d**3 + 7*d**2 + 7*d + 9. Calculate k(b).
3
Let j(y) = 3*y**2 + 3*y - 12. Let t(r) = -r**2 + 24 - 2*r**2 - 6*r**2 + 2*r**2 - 7*r. Let f(w) = 5*j(w) + 2*t(w). Determine f(0).
-12
Let a(l) be the third derivative of 0*l - 8/3*l**3 + 1/24*l**4 + 0 - 36*l**2. Determine a(7).
-9
Let l(a) = 12*a**2 + 3*a + 2. Suppose 3*k + 4*z = 2*k + 18, -2*k - 2*z + 6 = 0. What is l(k)?
44
Suppose 0 = -5*w + d + 4*d - 70, 0 = -d + 4. Let s(x) = 9*x + 85. What is s(w)?
-5
Let w be 8/28 + 12/7. Suppose -w*i - 15 = -7*i. Suppose 3*r - i*a = 0, 4*a + 8 = -0*a. Let f(d) = 3*d**2 + 4*d + 2. Determine f(r).
6
Let f(d) = -4*d**2 - 3*d + 4. Let k = 882 + -879. Calculate f(k).
-41
Let n(w) = 2*w + 1. Let b(j) = -2 - 2*j - 3*j + 4*j. Let v(u) = -3*b(u) - 2*n(u). Let y be 1*(-2 - 0 - 3). Calculate v(y).
9
Let r(w) = -3*w - 10. Suppose -48*u = -47*u + 7. Determine r(u).
11
Let k(l) be the first derivative of -l**3/6 - l**2 + 14*l - 2. Let t(o) be the first derivative of k(o). Calculate t(-9).
7
Let j(z) = -z - 4. Let t(u) = u**2 - 7*u - 8. Let q be t(9). Let o be ((-2)/4)/(q/80). Calculate j(o).
0
Let y(c) be the first derivative of -c**3/3 - 7*c**2/2 + 6*c - 12. Let n be y(-7). Let z(q) = q**3 - 7*q**2 + 7*q - 6. Calculate z(n).
0
Let b(j) be the first derivative of j**3/3 - 3*j**2 + 3*j + 20. Let s = 10 + -7. Let t be 3 + (1 - s)*-1. Calculate b(t).
-2
Let z(m) = 6*m - 6. Let q be 1/(1/(-2)) - 129/43. Let k(b) = 7*b - 7. Let l(n) = q*k(n) + 6*z(n). What is l(-7)?
-8
Let y(r) = r**2 + r - 1. Let l(c) = -c**2 - c + 2. Let u(h) = l(h) + 2*y(h). Suppose -k - 4*k + 15 = 0. Suppose 0*n = -n - k. Determine u(n).
6
Let j be (-1 + -7)/4 - (-5)/2. Let v(r) be the third derivative of j*r**3 - 1/24*r**4 - 4*r**2 + 0*r + 0. Determine v(4).
-1
Let i(q) = -q. Let r(d) = -d**2 + 6*d. Let y(c) = -5*i(c) - r(c). What is y(2)?
2
Suppose -5*b - 2*b - 42 = 0. Let h(k) = -k**2 - 3*k. Determine h(b).
-18
Suppose -7*i + 3 = -18. Suppose i + 0 = r. Let v(d) = 6 - 2*d - 3 - 4 + r*d. Calculate v(-3).
-4
Let s(t) = t. Let l be s(-3). Let p be l + -4*(-3)/6. Let g(b) = -5*b + 1. What is g(p)?
6
Let w(o) = 4*o + 38. Let c be (-1)/(-2)*-3*(-720)/(-135). What is w(c)?
6
Let n(i) be the third derivative of i**5/20 + i**2. Let z be n(-1). Let x(j) be the third derivative of j**5/60 - j**4/6 + j**3/2 - 191*j**2. What is x(z)?
0
Let n(r) = -9*r - 5. Let h(i) = -8*i - 6. Let o(p) = 5*h(p) - 6*n(p). Suppose 3*d + 140 - 137 = 0. Calculate o(d).
-14
Let n(g) be the third derivative of -g**6/120 + 2*g**5/15 - 13*g**4/24 + 2*g**3/3 + g**2 - 2. Determine n(5).
14
Let z(y) be the second derivative of y**3/6 + 9*y**2/2 + 74*y. What is z(-11)?
-2
Let n be (-21)/(-14)*1/((-2)/36). Let v = -31 - n. Let o(b) = -b**3 - 4*b**2 - b. Determine o(v).
4
Let f(c) = 11*c**2 - 2*c + 6. Let x(s) = -32*s**2 + 6*s - 20. Let w(z) = 7*f(z) + 2*x(z). What is w(1)?
13
Let y(x) = x**3 + 5*x**2 - 5*x - 4. Let o be (-3)/(-9)*(-1 - (1 + -2)). Suppose -u + o*u - 6 = 0. Give y(u).
-10
Let l(j) = j**2 + 9*j - 2777 - 2*j**2 + 2762. Give l(6).
3
Suppose 2*s + 2*u + 2*u - 26 = 0, -2*s = 3*u - 22. Let d(g) = -10*g + 3. Let j(i) = -5*i + 2. Let t(z) = s*j(z) - 3*d(z). Calculate t(-2).
-9
Let d(z) = -3*z**2 + 35*z - 24. Let p(o) = 326*o**2 - 12*o - 325*o**2 + 0 + 8. Let s(m) = -4*d(m) - 11*p(m). Determine s(7).
1
Let b(p) be the third derivative of -5*p**4/12 + p**3/6 - 20*p**2. Calculate b(3).
-29
Let t(n) = -4*n - 36. Let u be t(-9). Let d(s) = 2*s. Give d(u).
0
Suppose -3*a + 3*v = -24, 0*a + 4*v + 40 = 5*a. Let l(b) = -b**3 + 7*b**2 + 4*b + 9. Determine l(a).
-23
Suppose -2*b + a = -7*b - 4, -4*b = 3*a + 12. Suppose 4*m - 3*m + 5 = b. Let y(l) = 30*l**2 + 8*l + 36*l**3 - 24*l**2 + 6 - 35*l**3. Calculate y(m).
-9
Let n = 1940 - 1925. Let r(y) = -y + 31. Give r(n).
16
Let k(t) = -18 + 40 - t**2 + 4*t - 25. Suppose -4*u + 26 = -3*g, 3*u = -0 - 3. Let s = -5 - g. Calculate k(s).
-8
Let g(u) = u**3 + u**2 - u. Suppose 3*v - 4*x = 0, 4*v = 2*v - 3*x. Calculate g(v).
0
Let v(y) be the second derivative of 11*y - 1/3*y**3 + 3*y**2 + 0. What is v(4)?
-2
Let g(i) be the first derivative of -i**2 + i + 2. Suppose 0 = -2*j + 12 - 0. Suppose 0 = j*c - 7*c - 3. Calculate g(c).
7
Suppose 0 = -6*b + 3*b + 15. Suppose -16 = 2*u + b*t, -u + t = -3*u. Suppose -d - 6 = 2*d - 5*z, u*d + 5*z = -29. Let v(w) = w**2 + 8*w. Determine v(d).
-7
Let d = 35 + 6. Let f = d - 38. Let c(z) = 6*z - 4. Calculate c(f).
14
Let j(d) = -5 + d - 4 - 3. Let q(u) = -u + 1. Let a(y) = -j(y) - 3*q(y). Give a(-6).
-3
Let q(i) = -i**3 - 5*i**2 + 3*i + 5. Let c = -18 + 20. Suppose -4*k - 5 = -c*a + 7, 0 = 2*k - 4*a - 6. What is q(k)?
-10
Suppose -5*n - 4*n = 9. Let c(a) = -4*a**2 - a - 2. Determine c(n).
-5
Let y(a) = -a - 3*a + 21*a**2 + 2*a**3 - 12*a**2. Let m(i) = i**3 + i**2 + 1. Let q be (-4)/3 - 1/(-3). Let j(z) = q*y(z) + 3*m(z). What is j(5)?
-2
Let i(w) = 8*w - 3. Let m(b) = -4*b + 2. Let k(g) = -3*i(g) - 7*m(g). Let p be 2 - (12 - (-3 - -6)). Let y = p - -12. Calculate k(y).
15
Let k(g) = g - 7. Let u(q) = -q**2 - 9*q + 3. Let n be u(-10). Let c(b) = b - 7. Let a(t) = n*c(t) + 6*k(t). Give a(6).
1
Let m(q) = -q**2 + 20*q + 1. Let n(r) = -r**2 + 41*r - 398. Let g be n(22). Give m(g).
1
Suppose -63*f + 5 = -62*f. Let q(w) = -w + 8. Give q(f).
3
Suppose -3*f = -8 + 2. Suppose 0 = f*v - 5*v. Let l(m) = -4*m - 1 - 2 + 5*m + 2. Determine l(v).
-1
Suppose -40 = 12*m - 16*m. Suppose -5*c = g + 5, 2*g + 2*c + 2 = -0*c. Suppose g = 2*w + m - 2. Let s(x) = -x**2 - 3*x - 6. What is s(w)?
-10
Suppose -2*n = 4 + 6. Let m(i) = -i**3 - 11*i**2 + i - 4. Let l(h) = -h**2. Let t(a) = -6*l(a) + m(a). Give t(n).
-9
Let h(r) be the third derivative of r**5/60 - r**4/8 - r**3/2 - 2*r**2 - 9. What is h(4)?
1
Let h(t) be the first derivative of t**5/20 + t**4/6 - t**3/2 - t**2 + 2*t + 5. Let p(s) be the first derivative of h(s). Calculate p(-3).
-2
Let v(z) = -z**2 - z + 16. Let g = 99 - 90. Let j(n) = 3*n - 27. Let l be j(g). Calculate v(l).
16
Let k(y) = -y + 13. Suppose 2*a + 4*d = 10, -d + 1 = -4*a + 3*a. Let p(v) = -v + 1. Let x be p(a). Calculate k(x).
13
Let w = 0 + 0. Let f(d) be the third derivative of d**6/360 - d**5/120 + d**4/8 + d**3/2 - 7*d**2. Let a(x) be the fir